ulate the greatest common factor of 153 and 1326.
51
Calculate the highest common factor of 22 and 8129.
11
What is the highest common factor of 2448 and 1440?
144
What is the highest common factor of 72 and 3432?
24
Calculate the highest common factor of 13920 and 30.
30
Calculate the highest common divisor of 77 and 2.
1
Calculate the highest common factor of 520 and 120.
40
What is the highest common factor of 500 and 240?
20
What is the highest common divisor of 64 and 24896?
64
What is the greatest common factor of 30 and 210?
30
Calculate the highest common divisor of 391 and 23.
23
Calculate the greatest common factor of 9618 and 3.
3
What is the highest common divisor of 48 and 2224?
16
Calculate the highest common factor of 100 and 160.
20
What is the greatest common factor of 40 and 360?
40
Calculate the highest common factor of 91 and 377.
13
What is the greatest common divisor of 1664 and 104?
104
What is the greatest common divisor of 2322 and 351?
27
What is the greatest common divisor of 6 and 225?
3
Calculate the greatest common factor of 615 and 13940.
205
What is the greatest common divisor of 200 and 275?
25
What is the highest common factor of 192 and 256?
64
What is the greatest common factor of 527 and 17?
17
What is the highest common factor of 319 and 232?
29
What is the highest common divisor of 21 and 39?
3
What is the greatest common factor of 180 and 37980?
180
Calculate the greatest common divisor of 3 and 22.
1
Calculate the greatest common divisor of 1836 and 2628.
36
What is the greatest common divisor of 52 and 104?
52
Calculate the greatest common divisor of 16 and 176.
16
What is the greatest common factor of 190 and 30?
10
Calculate the highest common divisor of 512 and 4.
4
Calculate the highest common factor of 6627 and 94.
47
Calculate the highest common factor of 136 and 6.
2
What is the highest common divisor of 70 and 266?
14
What is the greatest common factor of 213 and 3?
3
Calculate the highest common divisor of 30 and 75.
15
What is the highest common factor of 280 and 120?
40
What is the greatest common factor of 128 and 200?
8
Calculate the highest common factor of 108 and 14274.
18
Calculate the highest common divisor of 110 and 670.
10
Calculate the highest common divisor of 168 and 24.
24
Calculate the highest common divisor of 270 and 1290.
30
What is the highest common divisor of 608 and 76?
76
What is the greatest common divisor of 4 and 7?
1
Calculate the highest common divisor of 135 and 27.
27
What is the greatest common factor of 12 and 228?
12
Calculate the highest common divisor of 15223 and 26.
13
Calculate the highest common factor of 2058 and 84.
42
Calculate the greatest common divisor of 294 and 924.
42
Calculate the highest common divisor of 621 and 27.
27
Calculate the highest common divisor of 115 and 555.
5
What is the highest common factor of 119 and 52717?
119
Calculate the highest common factor of 2001 and 69.
69
Calculate the greatest common factor of 28367 and 19.
19
What is the highest common divisor of 34518 and 132?
66
Calculate the greatest common factor of 5214 and 231.
33
What is the greatest common divisor of 14 and 896?
14
What is the greatest common factor of 435 and 609?
87
What is the greatest common factor of 33 and 7491?
33
Calculate the highest common factor of 800 and 32.
32
What is the greatest common divisor of 6 and 141?
3
Calculate the greatest common factor of 230 and 276.
46
What is the highest common divisor of 106 and 27719?
53
Calculate the greatest common divisor of 1990 and 30.
10
What is the greatest common divisor of 432 and 64?
16
Calculate the highest common divisor of 204 and 3732.
12
What is the greatest common factor of 9373 and 91?
91
Calculate the highest common factor of 3 and 69.
3
Calculate the highest common divisor of 2 and 18.
2
Calculate the greatest common factor of 16 and 496.
16
What is the greatest common factor of 81 and 297?
27
What is the greatest common factor of 736 and 64?
32
What is the highest common factor of 110 and 1390?
10
What is the highest common divisor of 81 and 801?
9
Calculate the greatest common divisor of 138 and 5037.
69
What is the greatest common factor of 110 and 70?
10
Calculate the highest common factor of 468 and 72.
36
Calculate the highest common factor of 261 and 486.
9
Calculate the greatest common factor of 589 and 190.
19
What is the greatest common divisor of 54 and 4?
2
What is the greatest common factor of 4891 and 67?
67
Calculate the highest common factor of 114 and 4674.
114
What is the greatest common divisor of 13904 and 880?
176
Calculate the greatest common factor of 63 and 153.
9
Calculate the greatest common divisor of 1152 and 18.
18
What is the highest common factor of 2916 and 36?
36
What is the highest common factor of 20 and 2020?
20
Calculate the greatest common divisor of 1058 and 2162.
46
What is the greatest common factor of 187 and 9163?
187
What is the highest common factor of 357 and 21?
21
Calculate the greatest common factor of 574 and 18.
2
What is the highest common divisor of 34 and 2363?
17
What is the highest common factor of 330 and 495?
165
What is the greatest common factor of 639 and 71?
71
Calculate the greatest common divisor of 120 and 150.
30
What is the greatest common divisor of 9 and 729?
9
Calculate the highest common divisor of 3858 and 6.
6
Calculate the highest common divisor of 12 and 2376.
12
Calculate the greatest common factor of 286 and 26.
26
Calculate the highest common factor of 4380 and 120.
60
Calculate the greatest common factor of 22 and 4.
2
Calculate the greatest common factor of 6969 and 2727.
303
What is the highest common factor of 731 and 1?
1
What is the greatest common divisor of 26 and 8138?
26
Calculate the greatest common divisor of 108 and 27.
27
What is the highest common factor of 294 and 3507?
21
What is the greatest common factor of 2075 and 83?
83
Calculate the greatest common divisor of 315 and 105.
105
Calculate the highest common divisor of 25 and 16825.
25
What is the greatest common divisor of 21 and 3?
3
Calculate the greatest common factor of 44 and 3212.
44
What is the highest common factor of 26 and 221?
13
What is the greatest common factor of 960 and 260?
20
What is the greatest common factor of 870 and 30?
30
What is the greatest common factor of 1140 and 3876?
228
What is the greatest common factor of 3654 and 35?
7
Calculate the greatest common factor of 76 and 57.
19
Calculate the greatest common factor of 323 and 76.
19
Calculate the greatest common factor of 6 and 1848.
6
Calculate the highest common divisor of 4 and 96.
4
Calculate the greatest common divisor of 27 and 1383.
3
What is the highest common divisor of 96 and 384?
96
Calculate the greatest common divisor of 1749 and 33.
33
Calculate the highest common divisor of 80997 and 203.
203
Calculate the highest common factor of 13 and 3172.
13
What is the highest common divisor of 1710 and 180?
90
Calculate the greatest common factor of 74 and 5402.
74
What is the greatest common divisor of 91 and 7?
7
Calculate the greatest common factor of 320 and 192.
64
What is the greatest common factor of 100 and 800?
100
Calculate the greatest common divisor of 511 and 7.
7
Calculate the greatest common divisor of 630 and 385.
35
Calculate the highest common factor of 1411 and 249.
83
Calculate the greatest common factor of 33 and 489.
3
Calculate the highest common factor of 8742 and 744.
186
What is the greatest common divisor of 23947 and 154?
77
What is the highest common divisor of 48139 and 91?
91
What is the highest common divisor of 184 and 1242?
46
What is the highest common divisor of 1 and 16?
1
Calculate the highest common factor of 82 and 164.
82
What is the highest common divisor of 25 and 1985?
5
Calculate the greatest common factor of 225 and 265.
5
Calculate the greatest common factor of 16 and 368.
16
Calculate the greatest common factor of 140 and 154.
14
Calculate the highest common factor of 34 and 6596.
34
Calculate the highest common divisor of 481 and 8288.
37
What is the greatest common factor of 59 and 767?
59
Calculate the greatest common factor of 49 and 33.
1
What is the highest common factor of 9 and 3177?
9
What is the gre